. Suppose -2*r - 1 = 5*p + 1, -5*p + 4*r - 26 = 0. Calculate d(p).
3
Let a(v) = 2*v + 13 - 3 - 1. Determine a(-6).
-3
Let d(k) be the second derivative of 0*k**2 + 0 + 3*k + 0*k**3 - 1/4*k**4. What is d(-1)?
-3
Let g(p) = 1 - p - 2 + 2. Let k = -6 + 6. Suppose k = -2*x - 3*x - 15. What is g(x)?
4
Let g(z) = -2*z + 0 - 2*z**2 + z - z**3 - 1 - z. Calculate g(-2).
3
Let p(m) = -m**2 - 5*m + 1. Let o be p(-6). Let w(b) be the second derivative of -1/20*b**5 + 0 - b**3 - 1/2*b**4 - 3*b - b**2. What is w(o)?
3
Let k(p) = 7*p + 62 + 61 + p**2 - 119 - 2*p**2. Calculate k(6).
10
Suppose 1 = -2*c - 3. Let p(n) = n - 6. Let l be p(8). Let j(r) = 2*r + 0*r**l + 0*r**2 + r**3 + 3*r**2 + 3. Determine j(c).
3
Let j(a) be the second derivative of -1/60*a**5 + 0 - a**2 - 2*a + 1/24*a**4 + 1/2*a**3. Let y(n) be the first derivative of j(n). Give y(0).
3
Let r(u) = u**3 - 2*u**2 - 2*u + 2. Let n = 6 + -4. Let v be 1/(-1*n/(-4)). Calculate r(v).
-2
Let c(d) = -2*d + 4. Let l = 9 + -6. Suppose -l + 16 = s + 3*w, 23 = 5*s + w. Give c(s).
-4
Suppose 5*f + 5*q - 5 = f, 3*q - 3 = f. Suppose 4 = -4*y - f*y, -1 = 2*c + y. Let a(w) = c + 1 + 5*w - 6*w. Calculate a(-4).
5
Let f(o) = -o**3 - 6*o**2 - 5*o - 7. Let c(y) = y**2 + 6*y + 5. Let r be c(-6). Suppose 0 = 6*s - 0*s + 60. Let n = r + s. What is f(n)?
-7
Let f = 2 + -8. Let g be f/6 - 3*-2. Let o(s) = -s**2 + 4*s + 1. What is o(g)?
-4
Suppose -52 + 20 = -4*d. Let c(k) = -k**2 + 6*k + 9. Calculate c(d).
-7
Let f be (-9)/(2 - 5) - (-3 - -4). Let b be 2 + -1 - 0/2. Let g(m) = 0*m + 2*m**f - 5*m**2 - 4*m - b + 2*m**2. What is g(-5)?
-6
Let f(j) be the second derivative of j**5/10 + j**4/4 + j**3/6 + j**2/2 - 3*j. Determine f(-2).
-5
Let n(c) be the third derivative of c**5/60 - c**4/24 + c**3 - 31*c**2. Calculate n(0).
6
Let q(m) = -m**3 + 3*m**2 - 4. Let s be q(3). Let d be (4 - -2)*s/(-12). Let i(t) = -3 + 1 - t + t**3 + 0*t - 2*t**d. Determine i(2).
-4
Let j(n) = 3*n - n**2 + 2*n + 4 + 2*n**2 + 2*n. Determine j(-5).
-6
Suppose 0*a = 3*a - 9. Let s(t) = 4*t**2 + a - 1 + 5*t - 3*t**2. Let r be -5 + -2*(-1)/2. What is s(r)?
-2
Let o(h) = h**3 + 2*h**2 - 6*h - 2. Let q be 2/(-9) + 152/36. Suppose 4 = 3*i - q*i. Determine o(i).
-10
Let q(k) = -7*k + 2 + 3*k**2 - 7*k + 11*k + 1 + k**3. Let y(s) = -s**2 - 4*s + 2. Let d be y(-5). Give q(d).
12
Suppose 0*w = 3*w + 3. Let j be -4 + 1 - 2/w. Let u(l) = 4*l**3 + l**2 + 2*l + 1. Determine u(j).
-4
Let p(d) = 304 - 149 - 155 - 20*d. Give p(1).
-20
Let y be (-14 - -4)*(-2)/4. Suppose -2*a = -y*r - 1, 2*r + 2*a + 7 = 5*a. Let s(w) = -5*w - 1. Calculate s(r).
-6
Let v(m) = m**3 + 3*m**2 - 4. Suppose 3*k + k - j + 17 = 0, k + 28 = 5*j. What is v(k)?
-4
Let h(b) be the third derivative of b**6/120 + b**5/20 - b**4/8 + b**3/2 - 17*b**2. Give h(-3).
12
Let t(k) = -k + 16. Let d be t(11). Let i(r) = -r**2 + 4*r - 2. Calculate i(d).
-7
Let d(t) = t**2 - 2*t + 4. Suppose 0 = 4*z + 2 - 14. Give d(z).
7
Let c be (9/15)/((-2)/10). Let n = c + -2. Let v(t) = -t**3 - 5*t**2 - 2*t - 4. Give v(n).
6
Let j = -11 + 9. Let c(d) = -7*d - 3. Let v(i) = 36*i + 16. Let f(z) = j*v(z) - 11*c(z). Let b(r) = r**3 - 3*r**2 + 2*r + 1. Let k be b(2). Calculate f(k).
6
Let x be 2*3/(-6) + 1. Let r be 1/(-1) - (x - 0). Let l be -2 + 5 - (0 + r). Let j(i) = -i**2 + 4*i - 2. Calculate j(l).
-2
Suppose -5*n + 20 = 0, -5*n + 23 = -a + 2*a. Let q(m) = -m**3 + 4*m**2 - 2*m - 4. Give q(a).
-1
Let p(v) = -8. Suppose 3*o + 4*t + 2 = -3, -5*t - 7 = 3*o. Let a(m) = m + 1. Let y(z) = o*p(z) + a(z). Determine y(3).
-4
Suppose -3*a = 3*y - 0*a - 18, -2*a = 0. Let x be (-8)/y - 2/3. Let j(d) = d**3 + d**2 - 2*d - 3. Give j(x).
-3
Let z(l) be the second derivative of 0 - 4*l + 2/3*l**3 - 5/2*l**2. Suppose -w = -2 - 2. Determine z(w).
11
Let m(i) be the third derivative of -i**7/2520 + i**6/144 + i**5/24 - i**4/24 - 4*i**2. Let g(c) be the second derivative of m(c). Calculate g(5).
5
Let x(q) = 19*q**2 - 3*q**2 - 6*q**2. What is x(-1)?
10
Let c(h) = -1 - 5*h + 3 - 4 + 0. What is c(-2)?
8
Suppose 4*w = 2*h - h - 14, 0 = -5*h - 3*w + 47. Let t be (-10)/4 + (-5)/h. Let k(u) = u. Determine k(t).
-3
Let z(u) = -u**2 - 6*u - 7. Let v(h) = -2*h**2 - 2*h + 6. Let a be v(-3). Determine z(a).
-7
Let k(w) be the first derivative of 7*w**4/4 + w**2/2 - 7. Give k(-1).
-8
Let a(w) = -4*w**2 + 1 + 0*w - 7 - 5*w + w**3 + 0*w. Give a(5).
-6
Let d(z) = 4*z**3 - 14*z**2 + 6*z - 4. Let u(s) = -s**3 + s**2 - s + 2. Let l(b) = -d(b) - 5*u(b). Calculate l(-9).
3
Let q(n) = -13*n - 9. Let r(t) = -7*t - 5. Let y(o) = -6*q(o) + 11*r(o). Suppose x - 2 = -3. Let l be y(x). Let f(b) = -3*b**2 - 2*b + 2. Determine f(l).
-6
Let t(k) be the second derivative of 0 - k - 1/6*k**3 + 0*k**2. Determine t(-6).
6
Let y(c) = c - 1. Let k be (-1)/3 - (-51)/(-9). Determine y(k).
-7
Let p(o) = 3*o - 1. Suppose 3*c = 2*c - 4. Let u = 3 + c. Let m be p(u). Let y(j) = 2*j - 4. Give y(m).
-12
Let t(j) be the second derivative of j**5/20 - 3*j**4/4 + 5*j**3/3 - 11*j**2/2 - 11*j. Calculate t(8).
5
Let c = 17 - 16. Let r(u) = 5*u + 0*u - 6*u**2 - 4*u. Give r(c).
-5
Suppose 0 = 4*u - 2*u - 4. Let w(q) = -4*q. Calculate w(u).
-8
Suppose 1 = x + b + 3, -5*b + 32 = -2*x. Let z = x + 4. Let k(v) = -5*v + 5. Let u(o) = -11*o + 11. Let a(d) = 13*k(d) - 6*u(d). Calculate a(z).
-3
Let g(l) = -5*l + 3. Suppose 2*h - 3*j + 1 - 6 = 0, -3*j + 3 = 0. Let u(d) = 3*d - 6. Let n be u(4). Let w be h/(-5)*(-15)/n. Calculate g(w).
-7
Let p = 85 + -87. Let z(m) = 4*m**2 + 2. What is z(p)?
18
Let y(u) = u**3 + 6*u**2 + 5*u - 6. Suppose 0 = -n - 2 + 9. Let c(o) = o**3 + 19*o**2 + 3. Let a be c(-19). Suppose -n*z - 20 = -a*z. Determine y(z).
-6
Let q(f) = 2*f - 2. Suppose -2*y - 4 = -d + 3*d, -y - 8 = -2*d. Let u be q(d). Let o(v) = -u + 3 - v**2 + 1. Determine o(-2).
-2
Let s(p) be the third derivative of -p**6/720 - p**5/40 - p**4/4 + 4*p**2. Let f(l) be the second derivative of s(l). What is f(0)?
-3
Suppose 4*o + 3*g = 2, -4*g = -7*g - 6. Let t(z) = -1 + z**3 - 2*z**2 - 2*z + 3*z - o*z. Suppose 4*v - 4*n = 28, 3*v = -2*v + 3*n + 27. Determine t(v).
5
Let r(w) = -3 - 2*w**2 - 9*w**2 + 2*w + 9*w**2 + w**3 - 2*w**2. What is r(3)?
-6
Let n(g) = 5 - 5*g**2 - 2*g**3 + 0*g + g**3 - 4*g. Let i = -5 + 1. Let w = i - 0. What is n(w)?
5
Let k(n) be the second derivative of -n**3/6 - 3*n**2 - 10*n. Determine k(0).
-6
Let j(m) be the third derivative of m**4/24 - 2*m**3/3 - 4*m**2. What is j(-3)?
-7
Let s(i) be the second derivative of i**5/60 + i**4/3 + 4*i**3/3 - 5*i**2/2 + 3*i. Let z(f) be the first derivative of s(f). Determine z(-6).
-4
Let o(x) = x**3 - 12*x**2 + 10*x - 12. Let m(d) = -3*d**3 + 37*d**2 - 30*d + 36. Let z(u) = -2*m(u) - 7*o(u). Calculate z(9).
3
Let o be 0/(-1)*(-3)/(-6). Let h(y) = 0 - y + y**2 - 1 + 2*y + 0. Calculate h(o).
-1
Let w = -1 + 3. Suppose -h - 3 + 1 = -3*a, -2*a + 4*h - 2 = 0. Let b(c) = 4 + c**3 - 8 - a - c + 5*c**w. Give b(-5).
0
Let y be (-2 + 1)*-5 + -2. Let o(g) = -2*g**2 - 7*g + 1. Let m(s) = -s. Let b(n) = y*m(n) - o(n). Determine b(-3).
5
Let p(g) be the third derivative of 1/3*g**3 + 0*g + 1/24*g**4 + 0 + 3*g**2. Give p(-2).
0
Suppose -4*f + 9 = -f. Suppose 7*j - 2*j + 1 = 4*d, f*j = 3*d. Let z(n) = n + 1. Determine z(d).
0
Let s(l) = l - 8. Let o be s(9). Let p(n) = 4*n - 1. Calculate p(o).
3
Suppose -4 = -k - 0. Let b = 18 - 9. Let j(c) = 3*c**3 + 4*c**2 + 4*c + 3. Let i(m) = -7*m**3 - 9*m**2 - 8*m - 6. Let z(h) = b*j(h) + k*i(h). Determine z(-2).
3
Let r(h) = h**2 + h + 1. Suppose -20 = 5*z + 3*s, -3*z + 2*s + 2 = -5. What is r(z)?
1
Let r(k) be the third derivative of -k**6/360 - k**5/40 + k**4/12 + k**3/2 - k**2. Let a(b) be the first derivative of r(b). What is a(-2)?
4
Let q(g) = -2 + 1 + g**3 - 19*g + 0 + 22*g - 5*g**2. Determine q(4).
-5
Let b be -1*(23 - (4 - 2)). Let i be 120/b + (-2)/7. Let t = 5 + i. Let m(h) = 5*h + 1. Calculate m(t).
-4
Let b be (8/24)/((-2)/(-36)). Let h(w) = -1. Let v(p) = -3*p - 7. Let c(i) = b*h(i) - v(i). What is c(1)?
4
Let h(p) be the second derivative of -p**5/20 - p**4/3 + p**3/3 - 3*p**2 - 5*p. Calculate h(-5).
9
Let m = 4 - -6. Let v(o) = o**3 + o**2 + 2*o + 0*o**2 + m - 3*o. Suppose 2*z + 4*s - 15 = 1, -3*z - 3*s + 12 = 0. What is v(z)?
10
Let m(z) be the third derivative of -z**5/120 + z**4/24 - z**3/6 - 2*z**2. Let h